 the greatest common factor of f and 24.
12
Suppose -4*j = 4*j - 288. What is the highest common divisor of 9 and j?
9
Let a be 3/((-2)/((-184)/6)). Let i = 102 - a. Calculate the highest common divisor of 14 and i.
14
Let f(v) = -v**2 + 4*v + 6. Let l be f(6). Let h be 2/l - (-66)/9. Suppose -23 = -p - 3*s, -p + 4*s = p - 16. Calculate the greatest common factor of h and p.
7
Suppose -60 = -2*b + 176. Suppose 19 = -5*r - g + b, -3*g + 17 = r. What is the greatest common factor of r and 80?
20
Let k = -5 + -3. Let w be k/4 - 13*-5. Let g = w + -31. Calculate the highest common factor of 8 and g.
8
Suppose -6*n + n = 0. Suppose n*g + 185 = 3*g - a, 0 = 2*a - 8. What is the highest common divisor of 9 and g?
9
Let o(v) = 7*v + 14. Let t be o(14). Suppose 3 = 5*u - 2. Let a be 1 + 12 + u + 0. What is the greatest common divisor of t and a?
14
Suppose 144 = 4*f + 3*z, -3*f + 0*z = 2*z - 107. What is the greatest common factor of 3 and f?
3
Suppose -6*j + 21 - 3 = 0. What is the greatest common divisor of j and 33?
3
Let s(l) = -59*l + 3. Let j be s(2). Suppose -279 = 4*a + 2*u + 21, -5*u = a + 93. Let f = a - j. Calculate the greatest common divisor of f and 14.
14
Let r(l) = -2*l - 5. Let b be r(-5). Suppose 3*v - b = -j + 5, -v - 2 = -5*j. Suppose -p - 6 = -3*p. What is the greatest common factor of p and v?
3
Suppose -6*l - 24 = -8*l. What is the greatest common factor of 18 and l?
6
Let y be ((-1)/2)/((-3)/6). Let s be 15 + (-1 + 1)*y. Calculate the highest common divisor of s and 15.
15
Let s be -1 + 1 + 36 - 2. Suppose 0*m + 5 = -m, -2*m = -2*l + s. Calculate the highest common divisor of l and 36.
12
Let k be 1 + -3 - -1 - -79. Suppose 3*y + 104 = -5*g - k, -2*y = 3*g + 122. Let i = y + 176. What is the greatest common factor of 14 and i?
14
Let j = 33 - 15. Calculate the highest common divisor of 2 and j.
2
Let v(j) = 2*j**2 + 5*j - 3. Let o be -4*-1*3/4. Let x be v(o). Calculate the highest common divisor of x and 6.
6
Suppose -4*n + 3*p = -20 - 87, -4*n - p = -103. Calculate the highest common divisor of 39 and n.
13
Suppose -20 = -r - 5*d, 34 = -r + 6*r + 3*d. Let j be 614/r + 4/20. Let m = j + -83. Calculate the greatest common divisor of 16 and m.
8
Suppose -t + 2*t = 36. Suppose s - t = 19. What is the highest common divisor of s and 11?
11
Let h(y) = -3*y**3 - 2*y**2 - y. Let f be h(-3). What is the highest common divisor of 6 and f?
6
Let b = 39 - 16. Let y(o) = o**2 + 3*o + 207. Let a be y(0). Calculate the highest common factor of b and a.
23
Let n = 237 - 94. Suppose 0 = -a + 3*t + n, t = -2*a - 2*t + 277. Calculate the highest common factor of 20 and a.
20
Let b = 12 + 0. Let l be 8/6 + 464/b. Calculate the highest common divisor of 16 and l.
8
Suppose 2*q - 3*c + 103 = 6*q, 0 = -3*q - c + 76. What is the highest common factor of 50 and q?
25
Let h = -17 + 10. Let w be 14/h + (-1 - -37). What is the greatest common divisor of w and 85?
17
Let v(c) = c**3 + 4*c**2 - 6*c - 2. Let j be v(-5). Let s(n) = -69*n - 273. Let t be s(-4). Calculate the greatest common factor of j and t.
3
Suppose -2*w - 1324 = -6*w. Let o = w - 231. Calculate the highest common factor of 25 and o.
25
Let k = 31 + -11. Calculate the highest common divisor of k and 16.
4
Suppose 0 = -4*s + 324 + 380. What is the highest common factor of 22 and s?
22
Suppose 4*t - 2*t = 4*j - 30, 5*j = 3*t + 40. Suppose 3*z - 72 - 985 = -j*s, -s + 225 = 4*z. What is the greatest common factor of 19 and s?
19
Let q = 493 + -148. Suppose q = 3*p - 5*k, -p - 4*p = -2*k - 594. Calculate the greatest common divisor of p and 15.
15
Let t(b) = b - 1. Let q be t(4). Suppose 1 = -2*g - 5*v, v + v + 8 = q*g. Calculate the greatest common factor of g and 14.
2
Let l(o) = o + 7. Let n be l(-5). Suppose -4*w + 2*w + n = 0. Suppose 6 + 1 = f. What is the highest common divisor of f and w?
1
Let p be 32/1*(-40)/(-16). Let f = -6 + 38. What is the greatest common factor of f and p?
16
Let t be (5/2)/((-4)/(-8)). Let k(q) = q**3. Let z be k(0). Suppose z*n = -5*n - 5*v + 20, 3*v = 9. Calculate the greatest common factor of t and n.
1
Let o(s) = 10*s**2 - 3*s**2 - 8*s**2 + 6. Let g(y) = -y**2 + 6*y. Let u be g(6). Let x be o(u). What is the highest common factor of 2 and x?
2
Let t = 42 - 29. Calculate the greatest common divisor of 13 and t.
13
Let d(n) = -2*n + 54. Let q be d(7). Calculate the greatest common divisor of q and 5.
5
Suppose s + 234 = u + 2*u, 0 = -2*s - 6. What is the greatest common factor of u and 11?
11
Let z = 44 + -62. Let y(q) = 6*q - 4. Let t be y(5). Let b = z + t. Calculate the greatest common divisor of b and 8.
8
Let k be 27/(-81) - (-118)/3. What is the greatest common factor of 429 and k?
39
Suppose 4*c + 83 = 5*i - 4*i, -4*c = 3*i - 217. What is the highest common divisor of 30 and i?
15
Suppose d - 3*n + 5*n - 6 = 0, -10 = -d + 2*n. Let k be (2/(-5))/(4/(-80)). Calculate the highest common factor of k and d.
8
Let s = 46 - 45. What is the greatest common factor of s and 4?
1
Let b be -1*(-4 + -35 + 4). Suppose 56 = -0*c + 4*c. Calculate the highest common divisor of c and b.
7
Let l = -207 - -383. Let a = 10 + 2. Let f be 245/15 - 4/a. Calculate the greatest common divisor of f and l.
16
Suppose -5*x - 25 = -0*u - 5*u, -4*u + 5*x = -21. Suppose -u*h + 57 = 17. Calculate the highest common factor of h and 40.
10
Suppose -m = -l - l + 17, l + 14 = -4*m. Let q = l + -1. Calculate the highest common factor of q and 10.
5
Let f be 318/8 + 4/16. What is the highest common factor of 16 and f?
8
Suppose -5*p - 4*b = -3*b - 402, 2*p - 4*b = 152. Let a be p + (3 - (0 - -6)). What is the greatest common factor of 7 and a?
7
Suppose 5*a = 2*a - s + 289, s + 376 = 4*a. What is the greatest common divisor of a and 19?
19
Let w(r) = r**3 + 9*r**2 - 11*r - 6. Let l be w(-10). Suppose 0 = 3*j - l*j + 16. Suppose 2*x + j = 3*x. Calculate the highest common factor of x and 128.
16
Suppose 0 = 4*v + 4*z - 32, -5*z + 3 = -v + 11. Calculate the highest common factor of 72 and v.
8
Suppose 10*l - 9*l - 116 = 0. What is the greatest common divisor of l and 29?
29
Suppose 2*j + 20 = 3*q, -q + 8 - 3 = -j. Suppose 0*w = -w + 141. Suppose -w = -4*o + 139. What is the highest common factor of o and q?
10
Suppose 0 = c + k + 1 - 3, 0 = -5*c + 3*k - 6. Let f be (-17)/(-1) + (c - 1). Let v = 3 + -1. What is the greatest common factor of f and v?
2
Suppose -6*h - 150 = -11*h. What is the highest common factor of 30 and h?
30
Let q(x) = 19*x - 4. Let v be q(6). Let u be (-1 - -3)/2*3. Suppose 4*c + 14 = b + 3*c, 4*b - u*c = 52. What is the highest common factor of v and b?
10
Suppose -f = -5*l - 66, 3*f - 5*l - 59 - 99 = 0. Calculate the greatest common factor of 115 and f.
23
Let r(b) = -b**3 + 4*b**2 + 6*b + 5. Let s be r(5). Calculate the greatest common divisor of 5 and s.
5
Let w be (4 + (-12)/18)*9/5. What is the greatest common divisor of w and 2?
2
Let s be (-4)/(16/12) - -30 - -3. Calculate the highest common divisor of s and 12.
6
Suppose -16 = 5*d - 126. Calculate the highest common factor of 11 and d.
11
Let n be (-8)/(-12) - (-8)/6. Suppose 3*z - n = 103. Calculate the greatest common factor of z and 14.
7
Let m = -20 + 28. Calculate the highest common divisor of m and 8.
8
Let h(u) = -21*u - 5. Let o be h(-5). Calculate the greatest common factor of 20 and o.
20
Let q = -282 + 401. What is the greatest common divisor of q and 17?
17
Let u(d) = d**3 + 6*d**2 - 7*d. Let l be u(-6). Calculate the greatest common factor of 6 and l.
6
Let k be ((-4)/(-14))/(2/14). Let v be 4/14 - (-80)/14. What is the highest common factor of v and k?
2
Suppose -4*b - 52 = -136. Calculate the highest common divisor of 147 and b.
21
Let c = 147 + -55. What is the greatest common factor of 23 and c?
23
Let j = 166 + -116. Suppose -2*h - j = -358. Calculate the greatest common divisor of h and 14.
14
Suppose 4*o - 56 = -0*o. What is the greatest common factor of o and 14?
14
Let x(i) = -i**3 + 8*i**2 - 4*i + 12. Let b be x(6). What is the highest common divisor of b and 12?
12
Let h be (-1)/3 - 8/3. Let n be 2/h + (-508)/(-6). Suppose 0 = 5*d - 4*x - 50, 2*d - 3*x = 11 + 2. What is the highest common divisor of d and n?
14
Suppose 3*u + 33 - 348 = 0. Calculate the highest common divisor of u and 70.